{"id":110,"date":"2019-03-20T17:29:38","date_gmt":"2019-03-20T16:29:38","guid":{"rendered":"http:\/\/collma.profiweb.biz\/?page_id=110"},"modified":"2020-11-04T17:37:51","modified_gmt":"2020-11-04T16:37:51","slug":"program-do-drukowania","status":"publish","type":"page","link":"https:\/\/collma.sk\/index.php\/pl\/program-do-drukowania\/","title":{"rendered":"Program do drukowania"},"content":{"rendered":"\n<center>\n<div class=\"product\" style=\"margin-left:calc(16.5% + 1px);background-image:url('\/wp-content\/uploads\/2019\/03\/PRINT_01_Tissue.jpg')\">\n<a href=\"\/index.php\/pl\/program-do-drukowania\/farby-fleksograficzne-do-produktow-bibulkowych\/\">\nFarby fleksograficzne do produkt\u00f3w bibu\u0142kowych\n<\/a>\n<\/div>\n\n<div class=\"product\" style=\"background-image:url('\/wp-content\/uploads\/2020\/01\/IMG_20190711_114314.png')\">\n<a href=\"\/index.php\/pl\/program-do-drukowania\/farby-fleksograficzne-do-papieru-i-tektury\/\">\nFarby fleksograficzne do papieru i tektury\n<\/a>\n<\/div>\n\n<div style=\"clear:both\"><\/div>\n\n<div class=\"product\" style=\"margin-left:calc(16.5% + 1px);background-image:url('\/wp-content\/uploads\/2019\/03\/PRINT_03_pojiv\u00e1.jpg')\">\n<a href=\"\/index.php\/pl\/program-do-drukowania\/spoiwa-lakiery-wypelniacze\/\">\nSpoiwa, lakiery, wype\u0142niacze\n<\/a>\n<\/div>\n\n<div class=\"product\" style=\"background-image:url('\/wp-content\/uploads\/2019\/03\/PRINT_04_adit\u00edva.jpg')\">\n<a href=\"\/index.php\/pl\/program-do-drukowania\/komplementarne-chemikalia-i-dodatki\/\">\nKomplementarne chemikalia i dodatki\n<\/a>\n<\/div>\n\n<\/center>\n<div style=\"clear:both\"><\/div>\n\n\n\n<h2 class=\"wp-block-heading\">Us\u0142uga<\/h2>\n\n\n\n<center>\n<div class=\"product\" style=\"margin-left:calc(16.5% + 1px);background-image:url('\/wp-content\/uploads\/2019\/03\/PRINT_05_mie\u0161anie-1.jpg')\">\n<a href=\"\/index.php\/pl\/program-do-drukowania\/mieszanie-kolorow\/\">\nMieszanie kolor\u00f3w\n<\/a>\n<\/div>\n\n<div class=\"product\" style=\"background-image:url('\/wp-content\/uploads\/2019\/03\/PRINT_06_v\u00fdroba_na_mieru.jpg')\">\n<a href=\"\/index.php\/pl\/program-do-drukowania\/niestandardowe-kolory\/\">\nNiestandardowe kolory\n<\/a>\n<\/div>\n\n<\/center>\n<div style=\"clear:both\"><\/div>\n","protected":false},"excerpt":{"rendered":"<p>Farby fleksograficzne do produkt\u00f3w bibu\u0142kowych Farby fleksograficzne do papieru i tektury Spoiwa, lakiery, wype\u0142niacze Komplementarne chemikalia i dodatki Us\u0142uga Mieszanie kolor\u00f3w Niestandardowe kolory<\/p>\n","protected":false},"author":1,"featured_media":0,"parent":0,"menu_order":0,"comment_status":"closed","ping_status":"closed","template":"","meta":{"ngg_post_thumbnail":0,"footnotes":""},"_links":{"self":[{"href":"https:\/\/collma.sk\/index.php\/wp-json\/wp\/v2\/pages\/110"}],"collection":[{"href":"https:\/\/collma.sk\/index.php\/wp-json\/wp\/v2\/pages"}],"about":[{"href":"https:\/\/collma.sk\/index.php\/wp-json\/wp\/v2\/types\/page"}],"author":[{"embeddable":true,"href":"https:\/\/collma.sk\/index.php\/wp-json\/wp\/v2\/users\/1"}],"replies":[{"embeddable":true,"href":"https:\/\/collma.sk\/index.php\/wp-json\/wp\/v2\/comments?post=110"}],"version-history":[{"count":8,"href":"https:\/\/collma.sk\/index.php\/wp-json\/wp\/v2\/pages\/110\/revisions"}],"predecessor-version":[{"id":8360,"href":"https:\/\/collma.sk\/index.php\/wp-json\/wp\/v2\/pages\/110\/revisions\/8360"}],"wp:attachment":[{"href":"https:\/\/collma.sk\/index.php\/wp-json\/wp\/v2\/media?parent=110"}],"curies":[{"name":"wp","href":"https:\/\/api.w.org\/{rel}","templated":true}]}}