{"id":130,"date":"2019-03-20T17:45:35","date_gmt":"2019-03-20T16:45:35","guid":{"rendered":"http:\/\/collma.profiweb.biz\/?page_id=130"},"modified":"2021-02-12T11:41:58","modified_gmt":"2021-02-12T10:41:58","slug":"labeling-adhesives","status":"publish","type":"page","link":"https:\/\/collma.sk\/index.php\/en\/labeling-adhesives\/","title":{"rendered":"Labeling adhesives"},"content":{"rendered":"\r\n<p>COLLMEX labeling adhesives are tailored to the specific needs of each labeling line to maintain 100% product quality. Individual types of adhesives are suitable for dry, wet, cold or warm surfaces, glass, metal, plastic materials or cardboard. Both cold and hot melt adhesives are available. Some of our products are designed to resist label dropping in high humidity environments (CWRs) or during storage of ice bottles where they are refrigerated for several hours (IWRs).<\/p>\r\n\r\n\r\n\r\n<p>Our team of sales and technical specialists is at your disposal for the right choice of adhesive. Collma recommends visiting its technicians before and during the first use of COLLMEX adhesives. Optimal selection of suitable type of glue is realized mainly according to the parameters of the labeling line, physical conditions of gluing and surface quality.<\/p>\r\n\r\n\r\n\r\n<center>\r\n<div class=\"product\" style=\"background-image:url('\/wp-content\/uploads\/2019\/05\/IMG_4661a.jpg')\">\r\n<a href=\"\/index.php\/en\/labeling-adhesives\/standard-labeling-adhesives-for-glass-surfaces-and-cans\/\">\r\nStandard labeling adhesives for glass surfaces and cans\r\n<\/a>\r\n<\/div>\r\n\r\n<div class=\"product\" style=\"background-image:url('\/wp-content\/uploads\/2019\/03\/LEPIDL\u00c1_01_\u0161tandard.jpg')\">\r\n<a href=\"\/index.php\/en\/labeling-adhesives\/labeling-adhesives-for-pet-and-pp-surfaces\/\">\r\nLabeling adhesives for PET and PP surfaces\r\n<\/a>\r\n<\/div>\r\n\r\n<div class=\"product\" style=\"background-image:url('\/wp-content\/uploads\/2019\/03\/LEPIDL\u00c1_05_tavn\u00e9.jpg')\">\r\n<a href=\"\/index.php\/en\/adhesives-for-stamps\/\">\r\nAdhesives for stamps\r\n<\/a>\r\n<\/div>\r\n\r\n<div class=\"product\" style=\"clear:both;background-image:url('\/wp-content\/uploads\/2019\/03\/LEPIDL\u00c1_03_CWR.jpg')\">\r\n<a href=\"\/index.php\/en\/labeling-adhesives\/labeling-adhesives-with-resistance-to-condensed-water\/\">\r\nLabeling adhesives with resistance to condensed water\r\n<\/a>\r\n<\/div>\r\n\r\n<div class=\"product\" style=\"background-image:url('\/wp-content\/uploads\/2020\/11\/beer-in-ice.jpg')\">\r\n<a href=\"\/index.php\/en\/labeling-adhesives\/iwr-labeling-adhesives-with-resistance-to-ice-water\/\">\r\nIWR labeling adhesives with resistance to ice water\r\n<\/a>\r\n<\/div>\r\n\r\n<div class=\"product\" style=\"background-image:url('\/wp-content\/uploads\/2019\/05\/LEPIDL\u00c1_05a_tavn\u00e9.jpg')\">\r\n<a href=\"\/index.php\/en\/labeling-adhesives\/hot-melt-adhesives\/\">\r\nHot melt adhesives\r\n<\/a>\r\n<\/div>\r\n\r\n<\/center>\r\n<div style=\"clear:both\"><\/div>\r\n\r\n\r\n\r\n<h2 class=\"wp-block-heading\">Service audit<\/h2>\r\n\r\n\r\n\r\n<p>In addition to regular service, Collma also provides professional, above-standard service. Do you encounter any fluctuations in the labeling line operation? Do you suspect a abnormal batch of labels or their over-drying? Take advantage of our research center, which in cooperation with business managers takes care of your comfort.<\/p>\r\n\r\n\r\n\r\n<center>\r\n\r\n<div class=\"product\" style=\"background-image:url('\/wp-content\/uploads\/2019\/03\/LEPIDL\u00c1_06_kamera.jpg\">\r\n<a href=\"\/index.php\/en\/labeling-adhesives\/highspeed-camera-capturing-of-technological-process\/\">\r\nHighspeed camera capturing of technological process\r\n<\/a>\r\n<\/div>\r\n\r\n<div class=\"product\" style=\"background-image:url('\/wp-content\/uploads\/2019\/03\/LEPIDL\u00c1_09_pevnos\u0165.jpg')\">\r\n<a href=\"\/index.php\/en\/labeling-adhesives\/determination-of-the-causes-of-tearing-alufolios\/\">\r\nDetermination of the causes of tearing alufolios\r\n<\/a>\r\n<\/div>\r\n\r\n<div class=\"product klimaticke-podmienky\" style=\"background-image:url('\/wp-content\/uploads\/2019\/05\/LEPIDL\u00c1_08a_klimatick\u00e9_podmienky.jpg')\">\r\n<a href=\"\/index.php\/en\/labeling-adhesives\/time-lapse-monitoring-of-climatic-conditions\/\">\r\nTime-lapse monitoring of climatic conditions\r\n<\/a>\r\n<\/div>\r\n\r\n<div class=\"product\" style=\"margin-left:calc(16% + 1px);background-image:url('\/wp-content\/uploads\/2019\/05\/LEPIDL\u00c1_07a_Cobb.jpg')\">\r\n<a href=\"\/index.php\/en\/labeling-adhesives\/determining-cobb-label-index\/\">\r\nDetermining Cobb Label Index\r\n<\/a>\r\n<\/div>\r\n\r\n<div class=\"product\" style=\"margin-left:3px;background-image:url('\/wp-content\/uploads\/2019\/03\/PRINT_04_adit\u00edva.jpg')\">\r\n<a href=\"\/index.php\/imitacia-prevadzkovych-a-spotrebitelskych-podmienok\/\">\r\nIMITATION OF CONSUMER CONDITIONS\r\n<\/a>\r\n<\/div>\r\n\r\n<\/center>\r\n<div style=\"clear:both\"><\/div>\r\n\r\n\r\n\r\n<p><\/p>\r\n\r\n\r\n\r\n<p>For more information contact us at info@collma.sk.<\/p>\r\n","protected":false},"excerpt":{"rendered":"<p>COLLMEX labeling adhesives are tailored to the specific needs of each labeling line to maintain 100% product quality. Individual types of adhesives are suitable for dry, wet, cold or warm surfaces, glass, metal, plastic materials or cardboard. Both cold and hot melt adhesives are available. Some of our products are designed to resist label dropping &hellip; <\/p>\n<p class=\"link-more\"><a href=\"https:\/\/collma.sk\/index.php\/en\/labeling-adhesives\/\" class=\"more-link\">Pokra\u010dova\u0165 v \u010d\u00edtan\u00ed<span class=\"screen-reader-text\"> &#8222;Labeling adhesives&#8220;<\/span><\/a><\/p>\n","protected":false},"author":1,"featured_media":0,"parent":0,"menu_order":0,"comment_status":"closed","ping_status":"closed","template":"","meta":{"ngg_post_thumbnail":0,"footnotes":""},"_links":{"self":[{"href":"https:\/\/collma.sk\/index.php\/wp-json\/wp\/v2\/pages\/130"}],"collection":[{"href":"https:\/\/collma.sk\/index.php\/wp-json\/wp\/v2\/pages"}],"about":[{"href":"https:\/\/collma.sk\/index.php\/wp-json\/wp\/v2\/types\/page"}],"author":[{"embeddable":true,"href":"https:\/\/collma.sk\/index.php\/wp-json\/wp\/v2\/users\/1"}],"replies":[{"embeddable":true,"href":"https:\/\/collma.sk\/index.php\/wp-json\/wp\/v2\/comments?post=130"}],"version-history":[{"count":12,"href":"https:\/\/collma.sk\/index.php\/wp-json\/wp\/v2\/pages\/130\/revisions"}],"predecessor-version":[{"id":9129,"href":"https:\/\/collma.sk\/index.php\/wp-json\/wp\/v2\/pages\/130\/revisions\/9129"}],"wp:attachment":[{"href":"https:\/\/collma.sk\/index.php\/wp-json\/wp\/v2\/media?parent=130"}],"curies":[{"name":"wp","href":"https:\/\/api.w.org\/{rel}","templated":true}]}}