{"id":338,"date":"2019-04-15T17:18:15","date_gmt":"2019-04-15T15:18:15","guid":{"rendered":"http:\/\/collma.profiweb.biz\/?page_id=338"},"modified":"2020-11-05T12:35:13","modified_gmt":"2020-11-05T11:35:13","slug":"etiketovacie-lepidla-pre-pet-a-pp-povrchy","status":"publish","type":"page","link":"https:\/\/collma.sk\/index.php\/etiketovacie-lepidla\/etiketovacie-lepidla-pre-pet-a-pp-povrchy\/","title":{"rendered":"Etiketovacie lepidl\u00e1 pre PET a PP povrchy"},"content":{"rendered":"\n<p> <\/p>\n\n\n\n<div class=\"wp-block-image\"><figure class=\"alignright size-large is-resized\"><img loading=\"lazy\" decoding=\"async\" src=\"http:\/\/collma.profiweb.biz\/wp-content\/uploads\/2019\/03\/LEPIDL\u00c1_01_\u0161tandard-1024x768.jpg\" alt=\"\" class=\"wp-image-192\" width=\"181\" height=\"135\" srcset=\"https:\/\/collma.sk\/wp-content\/uploads\/2019\/03\/LEPIDL\u00c1_01_\u0161tandard-1024x768.jpg 1024w, https:\/\/collma.sk\/wp-content\/uploads\/2019\/03\/LEPIDL\u00c1_01_\u0161tandard-300x225.jpg 300w, https:\/\/collma.sk\/wp-content\/uploads\/2019\/03\/LEPIDL\u00c1_01_\u0161tandard-768x576.jpg 768w\" sizes=\"(max-width: 181px) 100vw, 181px\" \/><\/figure><\/div>\n\n\n\n<p>Lepidl\u00e1 COLLMEX pre PET a PP sp\u013a\u0148aj\u00fa n\u00e1ro\u010dn\u00e9 krit\u00e9ri\u00e1 na v\u00fdborn\u00fa adh\u00e9ziu k plastov\u00fdm povrchom. Zais\u0165uj\u00fa, \u017ee etikety s\u00fa pevne zafixovan\u00e9 na svojom mieste, a to bez ne\u017eiaducich efektov a po\u0161myknutia.<\/p>\n\n\n\n<p>Navrhneme V\u00e1m vhodn\u00e9 rie\u0161enia pre Va\u0161u aplik\u00e1ciu nielen pri studenom etiketovan\u00ed, ale aj pri v\u00fdbere spr\u00e1vneho a cenovo prijate\u013en\u00e9ho tavn\u00e9ho lepidla.<\/p>\n\n\n\n<p>Ku svojim klientom m\u00e1me bl\u00edzky a individu\u00e1lny pr\u00edstup. Z\u00e1le\u017e\u00ed n\u00e1m na bezprobl\u00e9movom<br>a nad\u010dasovom chode V\u00e1\u0161ho v\u00fdrobn\u00e9ho procesu, a to komplexne. A preto v r\u00e1mci zo\u0161t\u00edh\u013eovania Va\u0161ej v\u00fdroby a mno\u017estva vstupn\u00fdch surov\u00edn m\u00f4\u017ee by\u0165 \u0161k\u00e1la pou\u017eite\u013enosti etiketovac\u00edch lepidiel pre plastov\u00e9 povrchy roz\u0161\u00edren\u00e1 aj na lepenie kolkov.<\/p>\n\n\n\n<p><\/p>\n\n\n\n<p>V&nbsp;pr\u00edpade z\u00e1ujmu n\u00e1s nev\u00e1hajte kontaktova\u0165, n\u00e1\u0161 t\u00edm \u0161pecialistov pre V\u00e1s priprav\u00ed individu\u00e1lnu ponuku, \u0161it\u00fa priamo na mieru Va\u0161ej linky.<\/p>\n\n\n\n<div class=\"wp-block-buttons aligncenter is-layout-flex wp-block-buttons-is-layout-flex\">\n<div class=\"wp-block-button\"><a class=\"wp-block-button__link\" href=\"\/index.php\/kontakt\/\">kontaktujte n\u00e1s<\/a><\/div>\n<\/div>\n","protected":false},"excerpt":{"rendered":"<p>Lepidl\u00e1 COLLMEX pre PET a PP sp\u013a\u0148aj\u00fa n\u00e1ro\u010dn\u00e9 krit\u00e9ri\u00e1 na v\u00fdborn\u00fa adh\u00e9ziu k plastov\u00fdm povrchom. Zais\u0165uj\u00fa, \u017ee etikety s\u00fa pevne zafixovan\u00e9 na svojom mieste, a to bez ne\u017eiaducich efektov a po\u0161myknutia. Navrhneme V\u00e1m vhodn\u00e9 rie\u0161enia pre Va\u0161u aplik\u00e1ciu nielen pri studenom etiketovan\u00ed, ale aj pri v\u00fdbere spr\u00e1vneho a cenovo prijate\u013en\u00e9ho tavn\u00e9ho lepidla. Ku svojim klientom &hellip; <\/p>\n<p class=\"link-more\"><a href=\"https:\/\/collma.sk\/index.php\/etiketovacie-lepidla\/etiketovacie-lepidla-pre-pet-a-pp-povrchy\/\" class=\"more-link\">Pokra\u010dova\u0165 v \u010d\u00edtan\u00ed<span class=\"screen-reader-text\"> &#8222;Etiketovacie lepidl\u00e1 pre PET a PP povrchy&#8220;<\/span><\/a><\/p>\n","protected":false},"author":1,"featured_media":0,"parent":36,"menu_order":0,"comment_status":"closed","ping_status":"closed","template":"","meta":{"ngg_post_thumbnail":0,"footnotes":""},"_links":{"self":[{"href":"https:\/\/collma.sk\/index.php\/wp-json\/wp\/v2\/pages\/338"}],"collection":[{"href":"https:\/\/collma.sk\/index.php\/wp-json\/wp\/v2\/pages"}],"about":[{"href":"https:\/\/collma.sk\/index.php\/wp-json\/wp\/v2\/types\/page"}],"author":[{"embeddable":true,"href":"https:\/\/collma.sk\/index.php\/wp-json\/wp\/v2\/users\/1"}],"replies":[{"embeddable":true,"href":"https:\/\/collma.sk\/index.php\/wp-json\/wp\/v2\/comments?post=338"}],"version-history":[{"count":9,"href":"https:\/\/collma.sk\/index.php\/wp-json\/wp\/v2\/pages\/338\/revisions"}],"predecessor-version":[{"id":8633,"href":"https:\/\/collma.sk\/index.php\/wp-json\/wp\/v2\/pages\/338\/revisions\/8633"}],"up":[{"embeddable":true,"href":"https:\/\/collma.sk\/index.php\/wp-json\/wp\/v2\/pages\/36"}],"wp:attachment":[{"href":"https:\/\/collma.sk\/index.php\/wp-json\/wp\/v2\/media?parent=338"}],"curies":[{"name":"wp","href":"https:\/\/api.w.org\/{rel}","templated":true}]}}