{"id":372,"date":"2019-04-16T11:09:12","date_gmt":"2019-04-16T09:09:12","guid":{"rendered":"http:\/\/collma.profiweb.biz\/?page_id=372"},"modified":"2020-11-05T12:57:15","modified_gmt":"2020-11-05T11:57:15","slug":"doplnkove-chemicke-prostriedky-a-aditiva","status":"publish","type":"page","link":"https:\/\/collma.sk\/index.php\/printovy-program\/doplnkove-chemicke-prostriedky-a-aditiva\/","title":{"rendered":"Doplnkov\u00e9 chemick\u00e9 prostriedky a adit\u00edva"},"content":{"rendered":"\n<div class=\"wp-block-image\"><figure class=\"alignright size-large is-resized\"><img loading=\"lazy\" decoding=\"async\" src=\"http:\/\/collma.profiweb.biz\/wp-content\/uploads\/2020\/11\/PRINT_04_aditiva-1024x768.jpg\" alt=\"\" class=\"wp-image-8224\" width=\"201\" height=\"150\" srcset=\"https:\/\/collma.sk\/wp-content\/uploads\/2020\/11\/PRINT_04_aditiva-1024x768.jpg 1024w, https:\/\/collma.sk\/wp-content\/uploads\/2020\/11\/PRINT_04_aditiva-300x225.jpg 300w, https:\/\/collma.sk\/wp-content\/uploads\/2020\/11\/PRINT_04_aditiva-768x576.jpg 768w, https:\/\/collma.sk\/wp-content\/uploads\/2020\/11\/PRINT_04_aditiva-1536x1152.jpg 1536w, https:\/\/collma.sk\/wp-content\/uploads\/2020\/11\/PRINT_04_aditiva-350x263.jpg 350w, https:\/\/collma.sk\/wp-content\/uploads\/2020\/11\/PRINT_04_aditiva.jpg 1600w\" sizes=\"(max-width: 201px) 100vw, 201px\" \/><\/figure><\/div>\n\n\n\n<p>Doplnkov\u00e9 chemick\u00e9 prostriedky a adit\u00edva s\u00fa \u0161pecializovan\u00e9 pre flexografick\u00e9 technol\u00f3gie.  Obzvl\u00e1\u0161\u0165 odpor\u00fa\u010dan\u00fdmi z portf\u00f3lia COLLMA s\u00fa:<\/p>\n\n\n\n<ul><li>h\u013abkov\u00fd a \u0161tandardn\u00fd \u010disti\u010d<\/li><li>spoma\u013eova\u010d schnutia<\/li><li>odpe\u0148ova\u010d<\/li><\/ul>\n\n\n\n<p>V&nbsp;pr\u00edpade z\u00e1ujmu n\u00e1s nev\u00e1hajte kontaktova\u0165, n\u00e1\u0161 t\u00edm \u0161pecialistov pre V\u00e1s priprav\u00ed individu\u00e1lnu ponuku, \u0161it\u00fa priamo na mieru Va\u0161ej linky.<\/p>\n\n\n\n<div class=\"wp-block-buttons aligncenter is-layout-flex wp-block-buttons-is-layout-flex\">\n<div class=\"wp-block-button\"><a class=\"wp-block-button__link\" href=\"\/index.php\/kontakt\/\">kontaktujte n\u00e1s<\/a><\/div>\n<\/div>\n","protected":false},"excerpt":{"rendered":"<p>Doplnkov\u00e9 chemick\u00e9 prostriedky a adit\u00edva s\u00fa \u0161pecializovan\u00e9 pre flexografick\u00e9 technol\u00f3gie. Obzvl\u00e1\u0161\u0165 odpor\u00fa\u010dan\u00fdmi z portf\u00f3lia COLLMA s\u00fa: h\u013abkov\u00fd a \u0161tandardn\u00fd \u010disti\u010d spoma\u013eova\u010d schnutia odpe\u0148ova\u010d<\/p>\n","protected":false},"author":1,"featured_media":0,"parent":119,"menu_order":0,"comment_status":"closed","ping_status":"closed","template":"","meta":{"ngg_post_thumbnail":0,"footnotes":""},"_links":{"self":[{"href":"https:\/\/collma.sk\/index.php\/wp-json\/wp\/v2\/pages\/372"}],"collection":[{"href":"https:\/\/collma.sk\/index.php\/wp-json\/wp\/v2\/pages"}],"about":[{"href":"https:\/\/collma.sk\/index.php\/wp-json\/wp\/v2\/types\/page"}],"author":[{"embeddable":true,"href":"https:\/\/collma.sk\/index.php\/wp-json\/wp\/v2\/users\/1"}],"replies":[{"embeddable":true,"href":"https:\/\/collma.sk\/index.php\/wp-json\/wp\/v2\/comments?post=372"}],"version-history":[{"count":4,"href":"https:\/\/collma.sk\/index.php\/wp-json\/wp\/v2\/pages\/372\/revisions"}],"predecessor-version":[{"id":8618,"href":"https:\/\/collma.sk\/index.php\/wp-json\/wp\/v2\/pages\/372\/revisions\/8618"}],"up":[{"embeddable":true,"href":"https:\/\/collma.sk\/index.php\/wp-json\/wp\/v2\/pages\/119"}],"wp:attachment":[{"href":"https:\/\/collma.sk\/index.php\/wp-json\/wp\/v2\/media?parent=372"}],"curies":[{"name":"wp","href":"https:\/\/api.w.org\/{rel}","templated":true}]}}