{"id":461,"date":"2019-04-17T01:44:04","date_gmt":"2019-04-16T23:44:04","guid":{"rendered":"http:\/\/collma.profiweb.biz\/?page_id=461"},"modified":"2021-01-29T10:53:14","modified_gmt":"2021-01-29T09:53:14","slug":"spoiwa-lakiery-wypelniacze","status":"publish","type":"page","link":"https:\/\/collma.sk\/index.php\/pl\/program-do-drukowania\/spoiwa-lakiery-wypelniacze\/","title":{"rendered":"Spoiwa, lakiery, kleje"},"content":{"rendered":"\n<div class=\"wp-block-image\"><figure class=\"alignright size-large is-resized\"><img loading=\"lazy\" decoding=\"async\" src=\"http:\/\/collma.profiweb.biz\/wp-content\/uploads\/2020\/11\/PRINT_03_pojiva\u0301-768x1024-2.jpg\" alt=\"\" class=\"wp-image-8470\" width=\"199\" height=\"265\" srcset=\"https:\/\/collma.sk\/wp-content\/uploads\/2020\/11\/PRINT_03_pojiva\u0301-768x1024-2.jpg 768w, https:\/\/collma.sk\/wp-content\/uploads\/2020\/11\/PRINT_03_pojiva\u0301-768x1024-2-225x300.jpg 225w, https:\/\/collma.sk\/wp-content\/uploads\/2020\/11\/PRINT_03_pojiva\u0301-768x1024-2-350x467.jpg 350w\" sizes=\"(max-width: 199px) 100vw, 199px\" \/><\/figure><\/div>\n\n\n\n<p>Spoiwa, lakiery i spoiwa fleksograficzne COLLMEX s\u0105 na bazie wody, o odpowiedniej lepko\u015bci zapewniaj\u0105cej komfortowe w\u0142a\u015bciwo\u015bci u\u017cytkowe i doskona\u0142y efekt ko\u0144cowy drukowanego produktu. S\u0105 przeznaczone do u\u017cytku maszynowego. S\u0105 stosowane w przedsi\u0119biorstwach zajmuj\u0105cych si\u0119 produkcj\u0105 papieru i wyrob\u00f3w papierniczych.<\/p>\n\n\n\n<p>Specjalnym sektorem w portfolio COLLMA s\u0105 produkty ekologiczne COLLMEX Ecoprint, w kt\u00f3rych wp\u0142yw na \u015brodowisko jest zminimalizowany. Produkty te s\u0105 skomponowane na bazie naturalnej. Przyk\u0142adami s\u0105 kleje do rurek papierowych do sklejania wewn\u0119trznych warstw wydr\u0105\u017conych pask\u00f3w lub kleje do sklejania warstw bibu\u0142ki.<\/p>\n\n\n\n<p>Spoiwa fleksograficzne COLLMEX, lakiery i kleje s\u0105 dost\u0119pne w wielu opakowaniach, od wiader, beczek po pojemniki IBC, co jest najbardziej praktyczne do w\u0142\u0105czenia do technologii konkretnego klienta.<\/p>\n\n\n\n<p>Aby uzyska\u0107 wi\u0119cej informacji, skontaktuj si\u0119 z nami.<\/p>\n\n\n\n<div class=\"wp-block-buttons aligncenter is-layout-flex wp-block-buttons-is-layout-flex\">\n<div class=\"wp-block-button\"><a class=\"wp-block-button__link\" href=\"\/index.php\/pl\/skontaktuj\/\">skontaktuj si\u0119<\/a><\/div>\n<\/div>\n","protected":false},"excerpt":{"rendered":"<p>Spoiwa, lakiery i spoiwa fleksograficzne COLLMEX s\u0105 na bazie wody, o odpowiedniej lepko\u015bci zapewniaj\u0105cej komfortowe w\u0142a\u015bciwo\u015bci u\u017cytkowe i doskona\u0142y efekt ko\u0144cowy drukowanego produktu. S\u0105 przeznaczone do u\u017cytku maszynowego. S\u0105 stosowane w przedsi\u0119biorstwach zajmuj\u0105cych si\u0119 produkcj\u0105 papieru i wyrob\u00f3w papierniczych. Specjalnym sektorem w portfolio COLLMA s\u0105 produkty ekologiczne COLLMEX Ecoprint, w kt\u00f3rych wp\u0142yw na \u015brodowisko jest &hellip; <\/p>\n<p class=\"link-more\"><a href=\"https:\/\/collma.sk\/index.php\/pl\/program-do-drukowania\/spoiwa-lakiery-wypelniacze\/\" class=\"more-link\">Pokra\u010dova\u0165 v \u010d\u00edtan\u00ed<span class=\"screen-reader-text\"> &#8222;Spoiwa, lakiery, kleje&#8220;<\/span><\/a><\/p>\n","protected":false},"author":1,"featured_media":0,"parent":110,"menu_order":0,"comment_status":"closed","ping_status":"closed","template":"","meta":{"ngg_post_thumbnail":0,"footnotes":""},"_links":{"self":[{"href":"https:\/\/collma.sk\/index.php\/wp-json\/wp\/v2\/pages\/461"}],"collection":[{"href":"https:\/\/collma.sk\/index.php\/wp-json\/wp\/v2\/pages"}],"about":[{"href":"https:\/\/collma.sk\/index.php\/wp-json\/wp\/v2\/types\/page"}],"author":[{"embeddable":true,"href":"https:\/\/collma.sk\/index.php\/wp-json\/wp\/v2\/users\/1"}],"replies":[{"embeddable":true,"href":"https:\/\/collma.sk\/index.php\/wp-json\/wp\/v2\/comments?post=461"}],"version-history":[{"count":4,"href":"https:\/\/collma.sk\/index.php\/wp-json\/wp\/v2\/pages\/461\/revisions"}],"predecessor-version":[{"id":9084,"href":"https:\/\/collma.sk\/index.php\/wp-json\/wp\/v2\/pages\/461\/revisions\/9084"}],"up":[{"embeddable":true,"href":"https:\/\/collma.sk\/index.php\/wp-json\/wp\/v2\/pages\/110"}],"wp:attachment":[{"href":"https:\/\/collma.sk\/index.php\/wp-json\/wp\/v2\/media?parent=461"}],"curies":[{"name":"wp","href":"https:\/\/api.w.org\/{rel}","templated":true}]}}