{"id":467,"date":"2019-04-17T01:45:31","date_gmt":"2019-04-16T23:45:31","guid":{"rendered":"http:\/\/collma.profiweb.biz\/?page_id=467"},"modified":"2020-11-06T10:46:06","modified_gmt":"2020-11-06T09:46:06","slug":"niestandardowe-kolory","status":"publish","type":"page","link":"https:\/\/collma.sk\/index.php\/pl\/program-do-drukowania\/niestandardowe-kolory\/","title":{"rendered":"Niestandardowe kolory"},"content":{"rendered":"\n<div class=\"wp-block-image\"><figure class=\"alignright size-large is-resized\"><img loading=\"lazy\" decoding=\"async\" src=\"http:\/\/collma.profiweb.biz\/wp-content\/uploads\/2020\/11\/PRINT_06_vy\u0301roba_na_mieru-2000x1200-2-1024x614.jpg\" alt=\"\" class=\"wp-image-8394\" width=\"213\" height=\"127\" srcset=\"https:\/\/collma.sk\/wp-content\/uploads\/2020\/11\/PRINT_06_vy\u0301roba_na_mieru-2000x1200-2-1024x614.jpg 1024w, https:\/\/collma.sk\/wp-content\/uploads\/2020\/11\/PRINT_06_vy\u0301roba_na_mieru-2000x1200-2-300x180.jpg 300w, https:\/\/collma.sk\/wp-content\/uploads\/2020\/11\/PRINT_06_vy\u0301roba_na_mieru-2000x1200-2-768x461.jpg 768w, https:\/\/collma.sk\/wp-content\/uploads\/2020\/11\/PRINT_06_vy\u0301roba_na_mieru-2000x1200-2-1536x922.jpg 1536w, https:\/\/collma.sk\/wp-content\/uploads\/2020\/11\/PRINT_06_vy\u0301roba_na_mieru-2000x1200-2-350x210.jpg 350w, https:\/\/collma.sk\/wp-content\/uploads\/2020\/11\/PRINT_06_vy\u0301roba_na_mieru-2000x1200-2.jpg 2000w\" sizes=\"(max-width: 213px) 100vw, 213px\" \/><\/figure><\/div>\n\n\n\n<ul><li>indywidualne ustawienie parametr\u00f3w fizyko-chemicznych farb drukarskich zgodnie z okre\u015blonymi wymaganiami klienta<\/li><li>dopasowanie koloru do maszyny drukarskiej<\/li><li>symulacja nak\u0142adania farby o grubo\u015bci odpowiadaj\u0105cej maszynie drukarskiej<\/li><li>mieszanie odcieni wed\u0142ug wyboru klienta<\/li><\/ul>\n\n\n\n<p><\/p>\n\n\n\n<p><br><br><\/p>\n\n\n\n<p>Aby uzyska\u0107 wi\u0119cej informacji, skontaktuj si\u0119 z nami.<\/p>\n\n\n\n<div class=\"wp-block-buttons aligncenter is-layout-flex wp-block-buttons-is-layout-flex\">\n<div class=\"wp-block-button\"><a class=\"wp-block-button__link\" href=\"\/index.php\/pl\/skontaktuj\/\">skontaktuj si\u0119<\/a><\/div>\n<\/div>\n","protected":false},"excerpt":{"rendered":"<p>indywidualne ustawienie parametr\u00f3w fizyko-chemicznych farb drukarskich zgodnie z okre\u015blonymi wymaganiami klienta dopasowanie koloru do maszyny drukarskiej symulacja nak\u0142adania farby o grubo\u015bci odpowiadaj\u0105cej maszynie drukarskiej mieszanie odcieni wed\u0142ug wyboru klienta<\/p>\n","protected":false},"author":1,"featured_media":0,"parent":110,"menu_order":0,"comment_status":"closed","ping_status":"closed","template":"","meta":{"ngg_post_thumbnail":0,"footnotes":""},"_links":{"self":[{"href":"https:\/\/collma.sk\/index.php\/wp-json\/wp\/v2\/pages\/467"}],"collection":[{"href":"https:\/\/collma.sk\/index.php\/wp-json\/wp\/v2\/pages"}],"about":[{"href":"https:\/\/collma.sk\/index.php\/wp-json\/wp\/v2\/types\/page"}],"author":[{"embeddable":true,"href":"https:\/\/collma.sk\/index.php\/wp-json\/wp\/v2\/users\/1"}],"replies":[{"embeddable":true,"href":"https:\/\/collma.sk\/index.php\/wp-json\/wp\/v2\/comments?post=467"}],"version-history":[{"count":4,"href":"https:\/\/collma.sk\/index.php\/wp-json\/wp\/v2\/pages\/467\/revisions"}],"predecessor-version":[{"id":8674,"href":"https:\/\/collma.sk\/index.php\/wp-json\/wp\/v2\/pages\/467\/revisions\/8674"}],"up":[{"embeddable":true,"href":"https:\/\/collma.sk\/index.php\/wp-json\/wp\/v2\/pages\/110"}],"wp:attachment":[{"href":"https:\/\/collma.sk\/index.php\/wp-json\/wp\/v2\/media?parent=467"}],"curies":[{"name":"wp","href":"https:\/\/api.w.org\/{rel}","templated":true}]}}