{"id":469,"date":"2019-04-17T01:46:00","date_gmt":"2019-04-16T23:46:00","guid":{"rendered":"http:\/\/collma.profiweb.biz\/?page_id=469"},"modified":"2020-11-06T10:46:22","modified_gmt":"2020-11-06T09:46:22","slug":"farby-fleksograficzne-do-papieru-i-tektury","status":"publish","type":"page","link":"https:\/\/collma.sk\/index.php\/pl\/program-do-drukowania\/farby-fleksograficzne-do-papieru-i-tektury\/","title":{"rendered":"Farby fleksograficzne do papieru i tektury"},"content":{"rendered":"\n<div class=\"wp-block-image\"><figure class=\"alignright size-large is-resized\"><img loading=\"lazy\" decoding=\"async\" src=\"http:\/\/collma.profiweb.biz\/wp-content\/uploads\/2020\/11\/IMG_20190711_114314-768x685-1.jpg\" alt=\"\" class=\"wp-image-8377\" width=\"217\" height=\"192\"\/><\/figure><\/div>\n\n\n\n<p>Farby fleksograficzne COLLMEX Flexaqua s\u0105 oparte na wodzie, o odpowiedniej lepko\u015bci zapewniaj\u0105cej wygodn\u0105 pompowalno\u015b\u0107. Przeznaczone s\u0105 do maszynowego zadruku g\u0142\u00f3wnie niebielonego papieru, kartonu, tektury falistej i innych materia\u0142\u00f3w ch\u0142onnych. Stosowane s\u0105 w przedsi\u0119biorstwach zajmuj\u0105cych si\u0119 produkcj\u0105 papieru i wyrob\u00f3w papierniczych.<\/p>\n\n\n\n<p>Dost\u0119pne s\u0105 r\u00f3wnie\u017c produkty na papier b\u0142yszcz\u0105cy, papier powlekany i tektur\u0119 lakierowan\u0105 (papier niebielony). Efektem ko\u0144cowym mo\u017ce by\u0107 druk standardowy, wysoki po\u0142ysk lub g\u0142\u0119boki mat, w zale\u017cno\u015bci od indywidualnych preferencji.<\/p>\n\n\n\n<p>Innym wariantem jest gama farb drukarskich odpowiednich do opakowa\u0144 papierowych do zastosowa\u0144 spo\u017cywczych.<\/p>\n\n\n\n<p>Farby fleksograficzne COLLMEX Flexaqua s\u0105 dost\u0119pne w szerokiej gamie opakowa\u0144, od wiader, beczek po pojemniki IBC, co jest najbardziej praktyczne do w\u0142\u0105czenia do technologii konkretnego klienta.<\/p>\n\n\n\n<p>Aby uzyska\u0107 wi\u0119cej informacji, skontaktuj si\u0119 z nami.<\/p>\n\n\n\n<div class=\"wp-block-buttons aligncenter is-layout-flex wp-block-buttons-is-layout-flex\">\n<div class=\"wp-block-button\"><a class=\"wp-block-button__link\" href=\"\/index.php\/pl\/skontaktuj\/\">skontaktuj si\u0119<\/a><\/div>\n<\/div>\n","protected":false},"excerpt":{"rendered":"<p>Farby fleksograficzne COLLMEX Flexaqua s\u0105 oparte na wodzie, o odpowiedniej lepko\u015bci zapewniaj\u0105cej wygodn\u0105 pompowalno\u015b\u0107. Przeznaczone s\u0105 do maszynowego zadruku g\u0142\u00f3wnie niebielonego papieru, kartonu, tektury falistej i innych materia\u0142\u00f3w ch\u0142onnych. Stosowane s\u0105 w przedsi\u0119biorstwach zajmuj\u0105cych si\u0119 produkcj\u0105 papieru i wyrob\u00f3w papierniczych. Dost\u0119pne s\u0105 r\u00f3wnie\u017c produkty na papier b\u0142yszcz\u0105cy, papier powlekany i tektur\u0119 lakierowan\u0105 (papier niebielony). Efektem &hellip; <\/p>\n<p class=\"link-more\"><a href=\"https:\/\/collma.sk\/index.php\/pl\/program-do-drukowania\/farby-fleksograficzne-do-papieru-i-tektury\/\" class=\"more-link\">Pokra\u010dova\u0165 v \u010d\u00edtan\u00ed<span class=\"screen-reader-text\"> &#8222;Farby fleksograficzne do papieru i tektury&#8220;<\/span><\/a><\/p>\n","protected":false},"author":1,"featured_media":0,"parent":110,"menu_order":0,"comment_status":"closed","ping_status":"closed","template":"","meta":{"ngg_post_thumbnail":0,"footnotes":""},"_links":{"self":[{"href":"https:\/\/collma.sk\/index.php\/wp-json\/wp\/v2\/pages\/469"}],"collection":[{"href":"https:\/\/collma.sk\/index.php\/wp-json\/wp\/v2\/pages"}],"about":[{"href":"https:\/\/collma.sk\/index.php\/wp-json\/wp\/v2\/types\/page"}],"author":[{"embeddable":true,"href":"https:\/\/collma.sk\/index.php\/wp-json\/wp\/v2\/users\/1"}],"replies":[{"embeddable":true,"href":"https:\/\/collma.sk\/index.php\/wp-json\/wp\/v2\/comments?post=469"}],"version-history":[{"count":4,"href":"https:\/\/collma.sk\/index.php\/wp-json\/wp\/v2\/pages\/469\/revisions"}],"predecessor-version":[{"id":8663,"href":"https:\/\/collma.sk\/index.php\/wp-json\/wp\/v2\/pages\/469\/revisions\/8663"}],"up":[{"embeddable":true,"href":"https:\/\/collma.sk\/index.php\/wp-json\/wp\/v2\/pages\/110"}],"wp:attachment":[{"href":"https:\/\/collma.sk\/index.php\/wp-json\/wp\/v2\/media?parent=469"}],"curies":[{"name":"wp","href":"https:\/\/api.w.org\/{rel}","templated":true}]}}