{"id":481,"date":"2019-04-17T01:50:27","date_gmt":"2019-04-16T23:50:27","guid":{"rendered":"http:\/\/collma.profiweb.biz\/?page_id=481"},"modified":"2020-11-07T02:29:36","modified_gmt":"2020-11-07T01:29:36","slug":"okreslenie-przyczyn-rozdzierania-alufoliow","status":"publish","type":"page","link":"https:\/\/collma.sk\/index.php\/pl\/kleje-do-etykietowania\/okreslenie-przyczyn-rozdzierania-alufoliow\/","title":{"rendered":"Okre\u015blenie przyczyn rozdzierania alufoli\u00f3w"},"content":{"rendered":"\n<div class=\"wp-block-image\"><figure class=\"alignright size-large is-resized\"><img loading=\"lazy\" decoding=\"async\" src=\"https:\/\/collma.sk\/wp-content\/uploads\/2020\/11\/LEPIDLA\u0301_09_pevnost\u030c-orez-993x1024-2.jpg\" alt=\"\" class=\"wp-image-8846\" width=\"156\" height=\"160\" srcset=\"https:\/\/collma.sk\/wp-content\/uploads\/2020\/11\/LEPIDLA\u0301_09_pevnost\u030c-orez-993x1024-2.jpg 993w, https:\/\/collma.sk\/wp-content\/uploads\/2020\/11\/LEPIDLA\u0301_09_pevnost\u030c-orez-993x1024-2-291x300.jpg 291w, https:\/\/collma.sk\/wp-content\/uploads\/2020\/11\/LEPIDLA\u0301_09_pevnost\u030c-orez-993x1024-2-768x792.jpg 768w, https:\/\/collma.sk\/wp-content\/uploads\/2020\/11\/LEPIDLA\u0301_09_pevnost\u030c-orez-993x1024-2-350x361.jpg 350w\" sizes=\"(max-width: 156px) 100vw, 156px\" \/><\/figure><\/div>\n\n\n\n<ul><li>Identyfikacja przyczyny p\u0119kni\u0119cia alfolii<\/li><li>Graficzny zapis napr\u0119\u017cenia alufolia i si\u0142y potrzebnej do zerwania<\/li><li>Symulacja rozdzierania zgodnie z kierunkiem etykietowania<\/li><li>Por\u00f3wnanie r\u00f3\u017cnych materia\u0142\u00f3w alufoli<\/li><li>Wsparcie przy wyborze lub przeprojektowaniu<\/li><\/ul>\n\n\n\n<p><\/p>\n\n\n\n<p>Aby uzyska\u0107 wi\u0119cej informacji, skontaktuj si\u0119 z nami.<\/p>\n\n\n\n<div class=\"wp-block-buttons aligncenter is-layout-flex wp-block-buttons-is-layout-flex\">\n<div class=\"wp-block-button\"><a class=\"wp-block-button__link\" href=\"\/index.php\/pl\/skontaktuj\/\">skontaktuj si\u0119<\/a><\/div>\n<\/div>\n","protected":false},"excerpt":{"rendered":"<p>Identyfikacja przyczyny p\u0119kni\u0119cia alfolii Graficzny zapis napr\u0119\u017cenia alufolia i si\u0142y potrzebnej do zerwania Symulacja rozdzierania zgodnie z kierunkiem etykietowania Por\u00f3wnanie r\u00f3\u017cnych materia\u0142\u00f3w alufoli Wsparcie przy wyborze lub przeprojektowaniu<\/p>\n","protected":false},"author":1,"featured_media":0,"parent":79,"menu_order":0,"comment_status":"closed","ping_status":"closed","template":"","meta":{"ngg_post_thumbnail":0,"footnotes":""},"_links":{"self":[{"href":"https:\/\/collma.sk\/index.php\/wp-json\/wp\/v2\/pages\/481"}],"collection":[{"href":"https:\/\/collma.sk\/index.php\/wp-json\/wp\/v2\/pages"}],"about":[{"href":"https:\/\/collma.sk\/index.php\/wp-json\/wp\/v2\/types\/page"}],"author":[{"embeddable":true,"href":"https:\/\/collma.sk\/index.php\/wp-json\/wp\/v2\/users\/1"}],"replies":[{"embeddable":true,"href":"https:\/\/collma.sk\/index.php\/wp-json\/wp\/v2\/comments?post=481"}],"version-history":[{"count":4,"href":"https:\/\/collma.sk\/index.php\/wp-json\/wp\/v2\/pages\/481\/revisions"}],"predecessor-version":[{"id":8850,"href":"https:\/\/collma.sk\/index.php\/wp-json\/wp\/v2\/pages\/481\/revisions\/8850"}],"up":[{"embeddable":true,"href":"https:\/\/collma.sk\/index.php\/wp-json\/wp\/v2\/pages\/79"}],"wp:attachment":[{"href":"https:\/\/collma.sk\/index.php\/wp-json\/wp\/v2\/media?parent=481"}],"curies":[{"name":"wp","href":"https:\/\/api.w.org\/{rel}","templated":true}]}}