{"id":485,"date":"2019-04-17T01:51:09","date_gmt":"2019-04-16T23:51:09","guid":{"rendered":"http:\/\/collma.profiweb.biz\/?page_id=485"},"modified":"2020-11-05T13:11:21","modified_gmt":"2020-11-05T12:11:21","slug":"standardowe-kleje-do-etykietowania-powierzchni-szklanych-i-puszek","status":"publish","type":"page","link":"https:\/\/collma.sk\/index.php\/pl\/kleje-do-etykietowania\/standardowe-kleje-do-etykietowania-powierzchni-szklanych-i-puszek\/","title":{"rendered":"Standardowe kleje do etykietowania powierzchni szklanych i puszek"},"content":{"rendered":"\n<div class=\"wp-block-image\"><figure class=\"alignright size-large is-resized\"><img loading=\"lazy\" decoding=\"async\" src=\"http:\/\/collma.profiweb.biz\/wp-content\/uploads\/2020\/11\/IMG_4661a-1-1024x826.jpg\" alt=\"\" class=\"wp-image-8532\" width=\"220\" height=\"177\" srcset=\"https:\/\/collma.sk\/wp-content\/uploads\/2020\/11\/IMG_4661a-1-1024x826.jpg 1024w, https:\/\/collma.sk\/wp-content\/uploads\/2020\/11\/IMG_4661a-1-300x242.jpg 300w, https:\/\/collma.sk\/wp-content\/uploads\/2020\/11\/IMG_4661a-1-768x620.jpg 768w, https:\/\/collma.sk\/wp-content\/uploads\/2020\/11\/IMG_4661a-1-1536x1240.jpg 1536w, https:\/\/collma.sk\/wp-content\/uploads\/2020\/11\/IMG_4661a-1-2048x1653.jpg 2048w, https:\/\/collma.sk\/wp-content\/uploads\/2020\/11\/IMG_4661a-1-350x282.jpg 350w\" sizes=\"(max-width: 220px) 100vw, 220px\" \/><\/figure><\/div>\n\n\n\n<p>Standardowe kleje do etykiet COLLMEX zosta\u0142y zaprojektowane w celu uzyskania wysokiej jako\u015bci ostatecznego projektu opakowania etykiet za rozs\u0105dn\u0105 cen\u0119. Zalet\u0105 jest szereg pozytywnych w\u0142a\u015bciwo\u015bci zwi\u0105zanych z komfortem podczas aplikacji i efektem ko\u0144cowym.<\/p>\n\n\n\n<p>Kleje s\u0105 kazeinowe, syntetyczne lub hybrydowe. Nadaj\u0105 si\u0119 do etykiet papierowych, papieru metalizowanego, folii aluminiowej i etykiet odklejanych. Mo\u017cliwo\u015b\u0107 mycia butelek zwrotnych jest rzecz\u0105 oczywist\u0105.<\/p>\n\n\n\n<p>Tutaj r\u00f3wnie\u017c rozwi\u0105zali\u015bmy dla Ciebie oferty specjalne, kt\u00f3re s\u0105 reprezentowane na przyk\u0142ad przez niewystarczaj\u0105cy klej. Jego kluczow\u0105 zalet\u0105 jest to, \u017ce po wyschni\u0119ciu tworzy p\u00f3\u0142przezroczyst\u0105 pow\u0142ok\u0119 i nie jest widoczna na butelce.<\/p>\n\n\n\n<p>Aby uzyska\u0107 wi\u0119cej informacji, skontaktuj si\u0119 z nami.<\/p>\n\n\n\n<div class=\"wp-block-buttons aligncenter is-layout-flex wp-block-buttons-is-layout-flex\">\n<div class=\"wp-block-button\"><a class=\"wp-block-button__link\" href=\"\/index.php\/pl\/skontaktuj\/\">skontaktuj si\u0119<\/a><\/div>\n<\/div>\n\n\n\n<p><\/p>\n","protected":false},"excerpt":{"rendered":"<p>Standardowe kleje do etykiet COLLMEX zosta\u0142y zaprojektowane w celu uzyskania wysokiej jako\u015bci ostatecznego projektu opakowania etykiet za rozs\u0105dn\u0105 cen\u0119. Zalet\u0105 jest szereg pozytywnych w\u0142a\u015bciwo\u015bci zwi\u0105zanych z komfortem podczas aplikacji i efektem ko\u0144cowym. Kleje s\u0105 kazeinowe, syntetyczne lub hybrydowe. Nadaj\u0105 si\u0119 do etykiet papierowych, papieru metalizowanego, folii aluminiowej i etykiet odklejanych. Mo\u017cliwo\u015b\u0107 mycia butelek zwrotnych jest &hellip; <\/p>\n<p class=\"link-more\"><a href=\"https:\/\/collma.sk\/index.php\/pl\/kleje-do-etykietowania\/standardowe-kleje-do-etykietowania-powierzchni-szklanych-i-puszek\/\" class=\"more-link\">Pokra\u010dova\u0165 v \u010d\u00edtan\u00ed<span class=\"screen-reader-text\"> &#8222;Standardowe kleje do etykietowania powierzchni szklanych i puszek&#8220;<\/span><\/a><\/p>\n","protected":false},"author":1,"featured_media":0,"parent":79,"menu_order":0,"comment_status":"closed","ping_status":"closed","template":"","meta":{"ngg_post_thumbnail":0,"footnotes":""},"_links":{"self":[{"href":"https:\/\/collma.sk\/index.php\/wp-json\/wp\/v2\/pages\/485"}],"collection":[{"href":"https:\/\/collma.sk\/index.php\/wp-json\/wp\/v2\/pages"}],"about":[{"href":"https:\/\/collma.sk\/index.php\/wp-json\/wp\/v2\/types\/page"}],"author":[{"embeddable":true,"href":"https:\/\/collma.sk\/index.php\/wp-json\/wp\/v2\/users\/1"}],"replies":[{"embeddable":true,"href":"https:\/\/collma.sk\/index.php\/wp-json\/wp\/v2\/comments?post=485"}],"version-history":[{"count":5,"href":"https:\/\/collma.sk\/index.php\/wp-json\/wp\/v2\/pages\/485\/revisions"}],"predecessor-version":[{"id":8675,"href":"https:\/\/collma.sk\/index.php\/wp-json\/wp\/v2\/pages\/485\/revisions\/8675"}],"up":[{"embeddable":true,"href":"https:\/\/collma.sk\/index.php\/wp-json\/wp\/v2\/pages\/79"}],"wp:attachment":[{"href":"https:\/\/collma.sk\/index.php\/wp-json\/wp\/v2\/media?parent=485"}],"curies":[{"name":"wp","href":"https:\/\/api.w.org\/{rel}","templated":true}]}}