{"id":491,"date":"2019-04-17T01:52:16","date_gmt":"2019-04-16T23:52:16","guid":{"rendered":"http:\/\/collma.profiweb.biz\/?page_id=491"},"modified":"2020-11-05T13:11:26","modified_gmt":"2020-11-05T12:11:26","slug":"etykietowanie-klejow-o-odpornosci-na-skondensowana-wode","status":"publish","type":"page","link":"https:\/\/collma.sk\/index.php\/pl\/kleje-do-etykietowania\/etykietowanie-klejow-o-odpornosci-na-skondensowana-wode\/","title":{"rendered":"CWR Etykietowanie klej\u00f3w o odporno\u015bci na skondensowan\u0105 wod\u0119"},"content":{"rendered":"\n<div class=\"wp-block-image\"><figure class=\"alignright size-large is-resized\"><img loading=\"lazy\" decoding=\"async\" src=\"http:\/\/collma.profiweb.biz\/wp-content\/uploads\/2020\/11\/CWR2-1-1024x559.jpg\" alt=\"\" class=\"wp-image-8544\" width=\"212\" height=\"116\" srcset=\"https:\/\/collma.sk\/wp-content\/uploads\/2020\/11\/CWR2-1-1024x559.jpg 1024w, https:\/\/collma.sk\/wp-content\/uploads\/2020\/11\/CWR2-1-300x164.jpg 300w, https:\/\/collma.sk\/wp-content\/uploads\/2020\/11\/CWR2-1-768x419.jpg 768w, https:\/\/collma.sk\/wp-content\/uploads\/2020\/11\/CWR2-1-1536x838.jpg 1536w, https:\/\/collma.sk\/wp-content\/uploads\/2020\/11\/CWR2-1-2048x1117.jpg 2048w, https:\/\/collma.sk\/wp-content\/uploads\/2020\/11\/CWR2-1-350x191.jpg 350w\" sizes=\"(max-width: 212px) 100vw, 212px\" \/><\/figure><\/div>\n\n\n\n<p>Kleje do etykietowania COLLMEX CWR nale\u017c\u0105 do wiod\u0105cych produkt\u00f3w tego typu na rynku europejskim i charakteryzuj\u0105 si\u0119 bardzo du\u017c\u0105 odporno\u015bci\u0105 na skroplon\u0105 wod\u0119. Stosuje si\u0119 je na liniach, na kt\u00f3rych umieszczany jest pasteryzator flash, a butelki s\u0105 etykietowane na zimno i mokro.<\/p>\n\n\n\n<p>Czy spotka\u0142e\u015b upad\u0142e etykiety na butelki? Trudno\u015b\u0107 dzisiejszych warunk\u00f3w klimatycznych polega na ekstremalnych wahaniach temperatury i wilgotno\u015bci, kt\u00f3re s\u0105 coraz cz\u0119stszym zjawiskiem, zw\u0142aszcza w miesi\u0105cach letnich. Rozwi\u0105zaniem jest klej zapewniaj\u0105cy przyczepno\u015b\u0107 nawet na mokrej, zroszonej butelce.<\/p>\n\n\n\n<p>Dzi\u0119ki urz\u0105dzeniu kondensuj\u0105cemu COLLWETTM mo\u017cemy zasymulowa\u0107 nawet najbardziej wymagaj\u0105ce warunki, jakie faktycznie wyst\u0119puj\u0105 na liniach etykietuj\u0105cych, w magazynach oraz w praktyce i odpowiednio dostosowa\u0107 klej. Mo\u017cliwo\u015b\u0107 mycia butelek zwrotnych jest oczywista.<\/p>\n\n\n\n<p><\/p>\n\n\n\n<p>Aby uzyska\u0107 wi\u0119cej informacji, skontaktuj si\u0119 z nami.<\/p>\n\n\n\n<div class=\"wp-block-buttons aligncenter is-layout-flex wp-block-buttons-is-layout-flex\">\n<div class=\"wp-block-button\"><a class=\"wp-block-button__link\" href=\"\/index.php\/pl\/skontaktuj\/\">skontaktuj si\u0119<\/a><\/div>\n<\/div>\n","protected":false},"excerpt":{"rendered":"<p>Kleje do etykietowania COLLMEX CWR nale\u017c\u0105 do wiod\u0105cych produkt\u00f3w tego typu na rynku europejskim i charakteryzuj\u0105 si\u0119 bardzo du\u017c\u0105 odporno\u015bci\u0105 na skroplon\u0105 wod\u0119. Stosuje si\u0119 je na liniach, na kt\u00f3rych umieszczany jest pasteryzator flash, a butelki s\u0105 etykietowane na zimno i mokro. Czy spotka\u0142e\u015b upad\u0142e etykiety na butelki? Trudno\u015b\u0107 dzisiejszych warunk\u00f3w klimatycznych polega na ekstremalnych &hellip; <\/p>\n<p class=\"link-more\"><a href=\"https:\/\/collma.sk\/index.php\/pl\/kleje-do-etykietowania\/etykietowanie-klejow-o-odpornosci-na-skondensowana-wode\/\" class=\"more-link\">Pokra\u010dova\u0165 v \u010d\u00edtan\u00ed<span class=\"screen-reader-text\"> &#8222;CWR Etykietowanie klej\u00f3w o odporno\u015bci na skondensowan\u0105 wod\u0119&#8220;<\/span><\/a><\/p>\n","protected":false},"author":1,"featured_media":0,"parent":79,"menu_order":0,"comment_status":"closed","ping_status":"closed","template":"","meta":{"ngg_post_thumbnail":0,"footnotes":""},"_links":{"self":[{"href":"https:\/\/collma.sk\/index.php\/wp-json\/wp\/v2\/pages\/491"}],"collection":[{"href":"https:\/\/collma.sk\/index.php\/wp-json\/wp\/v2\/pages"}],"about":[{"href":"https:\/\/collma.sk\/index.php\/wp-json\/wp\/v2\/types\/page"}],"author":[{"embeddable":true,"href":"https:\/\/collma.sk\/index.php\/wp-json\/wp\/v2\/users\/1"}],"replies":[{"embeddable":true,"href":"https:\/\/collma.sk\/index.php\/wp-json\/wp\/v2\/comments?post=491"}],"version-history":[{"count":6,"href":"https:\/\/collma.sk\/index.php\/wp-json\/wp\/v2\/pages\/491\/revisions"}],"predecessor-version":[{"id":8677,"href":"https:\/\/collma.sk\/index.php\/wp-json\/wp\/v2\/pages\/491\/revisions\/8677"}],"up":[{"embeddable":true,"href":"https:\/\/collma.sk\/index.php\/wp-json\/wp\/v2\/pages\/79"}],"wp:attachment":[{"href":"https:\/\/collma.sk\/index.php\/wp-json\/wp\/v2\/media?parent=491"}],"curies":[{"name":"wp","href":"https:\/\/api.w.org\/{rel}","templated":true}]}}