{"id":7995,"date":"2020-10-30T14:36:22","date_gmt":"2020-10-30T13:36:22","guid":{"rendered":"http:\/\/collma.profiweb.biz\/?page_id=7995"},"modified":"2023-09-20T16:52:26","modified_gmt":"2023-09-20T14:52:26","slug":"eshop-pre-dezinkeciu","status":"publish","type":"page","link":"https:\/\/collma.sk\/index.php\/eshop-pre-dezinkeciu\/","title":{"rendered":"PROFESION\u00c1LNA DEZINFEKCIA na ruky, poko\u017eku, predmety a povrchy"},"content":{"rendered":"\r\n<div class=\"wp-block-image\">\r\n<figure class=\"alignright size-large is-resized\"><img loading=\"lazy\" decoding=\"async\" class=\"wp-image-8499\" src=\"https:\/\/collma.sk\/wp-content\/uploads\/2020\/11\/dezinfekcia-1024x490.jpg\" alt=\"\" width=\"230\" height=\"109\" srcset=\"https:\/\/collma.sk\/wp-content\/uploads\/2020\/11\/dezinfekcia-1024x490.jpg 1024w, https:\/\/collma.sk\/wp-content\/uploads\/2020\/11\/dezinfekcia-300x144.jpg 300w, https:\/\/collma.sk\/wp-content\/uploads\/2020\/11\/dezinfekcia-768x368.jpg 768w, https:\/\/collma.sk\/wp-content\/uploads\/2020\/11\/dezinfekcia-350x168.jpg 350w, https:\/\/collma.sk\/wp-content\/uploads\/2020\/11\/dezinfekcia.jpg 1042w\" sizes=\"(max-width: 230px) 100vw, 230px\" \/><\/figure>\r\n<\/div>\r\n\r\n\r\n\r\n<p>&nbsp;<\/p>\r\n\r\n\r\n\r\n<p>Dezinfekcia COLLMEX DISINFECT je na b\u00e1ze etanolu v koncentr\u00e1cii a\u017e 800 ml\/l, \u010do umo\u017e\u0148uje vysoko\u00fa\u010dinne likvidova\u0165 ne\u017eiaduce v\u00edrusy, plesne a bakt\u00e9rie. Z\u00e1rove\u0148 je obohaten\u00e1 o glycerol, ktor\u00fd pom\u00e1ha zamedzi\u0165 vys\u00fa\u0161aniu poko\u017eky.<\/p>\r\n\r\n\r\n\r\n<ul>\r\n<li>Je vhodn\u00e1 pre profesion\u00e1lov, do prev\u00e1dzok aj do dom\u00e1cnost\u00ed, so \u0161irokou \u0161k\u00e1lou balen\u00ed pre ka\u017ed\u00e9 pou\u017eitie<\/li>\r\n<li>Dezinfekcia r\u00fak, poko\u017eky, predmetov a povrchov<\/li>\r\n<li>Varianta COLLMEX DISINFECT s jemnou v\u00f4\u0148ou potl\u00e1\u010da alkoholov\u00fd z\u00e1pach a zanech\u00e1va pr\u00edjemn\u00fa v\u00f4\u0148u<\/li>\r\n<li>Sp\u013a\u0148a pr\u00edsne krit\u00e9ri\u00e1 MHSR a je registrovan\u00e1 pod \u010d. bio\/1524\/D\/20\/CCHLP<\/li>\r\n<li>Je navrhnut\u00e1 v s\u00falade s odpor\u00fa\u010daniami WHO<\/li>\r\n<li>Je vyr\u00e1ban\u00e1 t\u00edmom profesion\u00e1lnych pracovn\u00edkov tak, aby bol dosiahnut\u00fd \u0161tandard ka\u017edej vyr\u00e1banej \u0161ar\u017ee, a to pri uplat\u0148ovan\u00ed najvy\u0161\u0161\u00edch princ\u00edpov BOZP, ochrany \u017eivotn\u00e9ho prostredia a kvality pod\u013ea ISO 9001<\/li>\r\n<\/ul>\r\n<p>Pou\u017e\u00edvajte bioc\u00eddy bezpe\u010dn\u00fdm sp\u00f4sobom. Pred pou\u017eit\u00edm si v\u017edy pre\u010d\u00edtajte etiketu a inform\u00e1cie o v\u00fdrobku.<\/p>\r\n\r\n\r\n\r\n<div class=\"wp-block-buttons is-layout-flex wp-block-buttons-is-layout-flex\">\r\n<div class=\"wp-block-button\"><a class=\"wp-block-button__link\" href=\"https:\/\/www.disinfect.sk\/\" target=\"_blank\" rel=\"noreferrer noopener\">otvori\u0165 eshop<\/a><\/div>\r\n<\/div>\r\n\r\n\r\n\r\n<p>&nbsp;<\/p>\r\n","protected":false},"excerpt":{"rendered":"<p>&nbsp; Dezinfekcia COLLMEX DISINFECT je na b\u00e1ze etanolu v koncentr\u00e1cii a\u017e 800 ml\/l, \u010do umo\u017e\u0148uje vysoko\u00fa\u010dinne likvidova\u0165 ne\u017eiaduce v\u00edrusy, plesne a bakt\u00e9rie. Z\u00e1rove\u0148 je obohaten\u00e1 o glycerol, ktor\u00fd pom\u00e1ha zamedzi\u0165 vys\u00fa\u0161aniu poko\u017eky. Je vhodn\u00e1 pre profesion\u00e1lov, do prev\u00e1dzok aj do dom\u00e1cnost\u00ed, so \u0161irokou \u0161k\u00e1lou balen\u00ed pre ka\u017ed\u00e9 pou\u017eitie Dezinfekcia r\u00fak, poko\u017eky, predmetov a povrchov Varianta &hellip; <\/p>\n<p class=\"link-more\"><a href=\"https:\/\/collma.sk\/index.php\/eshop-pre-dezinkeciu\/\" class=\"more-link\">Pokra\u010dova\u0165 v \u010d\u00edtan\u00ed<span class=\"screen-reader-text\"> &#8222;PROFESION\u00c1LNA DEZINFEKCIA na ruky, poko\u017eku, predmety a povrchy&#8220;<\/span><\/a><\/p>\n","protected":false},"author":1,"featured_media":8197,"parent":0,"menu_order":0,"comment_status":"closed","ping_status":"closed","template":"","meta":{"ngg_post_thumbnail":0,"footnotes":""},"_links":{"self":[{"href":"https:\/\/collma.sk\/index.php\/wp-json\/wp\/v2\/pages\/7995"}],"collection":[{"href":"https:\/\/collma.sk\/index.php\/wp-json\/wp\/v2\/pages"}],"about":[{"href":"https:\/\/collma.sk\/index.php\/wp-json\/wp\/v2\/types\/page"}],"author":[{"embeddable":true,"href":"https:\/\/collma.sk\/index.php\/wp-json\/wp\/v2\/users\/1"}],"replies":[{"embeddable":true,"href":"https:\/\/collma.sk\/index.php\/wp-json\/wp\/v2\/comments?post=7995"}],"version-history":[{"count":6,"href":"https:\/\/collma.sk\/index.php\/wp-json\/wp\/v2\/pages\/7995\/revisions"}],"predecessor-version":[{"id":9603,"href":"https:\/\/collma.sk\/index.php\/wp-json\/wp\/v2\/pages\/7995\/revisions\/9603"}],"wp:featuredmedia":[{"embeddable":true,"href":"https:\/\/collma.sk\/index.php\/wp-json\/wp\/v2\/media\/8197"}],"wp:attachment":[{"href":"https:\/\/collma.sk\/index.php\/wp-json\/wp\/v2\/media?parent=7995"}],"curies":[{"name":"wp","href":"https:\/\/api.w.org\/{rel}","templated":true}]}}