{"id":8796,"date":"2020-11-06T17:20:12","date_gmt":"2020-11-06T16:20:12","guid":{"rendered":"http:\/\/collma.sk\/?page_id=8796"},"modified":"2020-11-06T17:21:52","modified_gmt":"2020-11-06T16:21:52","slug":"prywatnosc","status":"publish","type":"page","link":"https:\/\/collma.sk\/index.php\/pl\/prywatnosc\/","title":{"rendered":"Prywatno\u015b\u0107"},"content":{"rendered":"\n<p>W COLLMA, SPOL. s r.o., I\u010cO: 36385824 (dalej \u201emy\u201d) przywi\u0105zujemy du\u017c\u0105 wag\u0119 do ochrony danych osobowych. W tym dokumencie znajdziesz informacje o tym, jakie dane osobowe przetwarzamy, w szczeg\u00f3lno\u015bci o naszych klientach i u\u017cytkownikach naszego serwisu, czy przetwarzamy dane na podstawie zgody lub z innego powodu prawnego, w jakim celu je wykorzystujemy, komu mo\u017cemy je przekaza\u0107 i co mamy w zwi\u0105zku z przetwarzanie Twoich praw dotycz\u0105cych danych osobowych.<br>Jakie dane przetwarzamy<br>Je\u015bli odwiedzasz nasz\u0105 stron\u0119 internetow\u0105, przechowujemy na Twoim urz\u0105dzeniu pliki cookie, a nast\u0119pnie odczytujemy z niego pliki cookie. Korzystaj\u0105c z naszego formularza zg\u0142oszeniowego, pracujemy z Twoim imieniem i nazwiskiem, adresem e-mail i ewentualnie numerem telefonu, je\u015bli go podasz.<br>Dlaczego przetwarzamy dane osobowe i co nas do tego upowa\u017cnia?<br>Przetwarzamy Twoje dane osobowe w r\u00f3\u017cnych sytuacjach w r\u00f3\u017cnych celach. Jeste\u015bmy uprawnieni do przetwarzania danych osobowych poprzez przygotowanie lub wykonanie umowy z Tob\u0105, wype\u0142nienie obowi\u0105zk\u00f3w prawnych, nasze prawnie uzasadnione interesy lub Twoj\u0105 zgod\u0119.<br>W ramach naszej dzia\u0142alno\u015bci przetwarzamy dane osobowe w r\u00f3\u017cnych celach i w r\u00f3\u017cnym zakresie:<\/p>\n\n\n\n<ol><li>bez Twojej zgody wynikaj\u0105cej z wykonania umowy, naszego prawnie uzasadnionego interesu lub wykonania zobowi\u0105zania prawnego lub<\/li><li>za Twoj\u0105 zgod\u0105.<br>To, jakie przetwarzanie mo\u017cemy wykona\u0107 bez Twojej zgody, zale\u017cy od celu, w jakim przetwarzanie jest skierowane oraz w jakiej pozycji dzia\u0142asz wobec nas &#8211; czy jeste\u015b tylko go\u015bciem na naszej stronie internetowej, czy korzystasz z naszego formularza kontaktowego.<br>Je\u015bli odwiedzasz nasz\u0105 stron\u0119 internetow\u0105<br>Korzystanie z plik\u00f3w cookie<br>Kiedy odwiedzasz nasz\u0105 stron\u0119 internetow\u0105, przechowujemy, a nast\u0119pnie odczytujemy pliki cookie z Twojego urz\u0105dzenia. Niekt\u00f3re pliki cookie s\u0105 przechowywane bezpo\u015brednio na Twoim urz\u0105dzeniu przez nasz\u0105 witryn\u0119 internetow\u0105. Te pliki cookie pomagaj\u0105 nam:<br>\u2022 identyfikowa\u0107 Ci\u0119 podczas przegl\u0105dania stron naszej witryny i podczas ponownego odwiedzania<br>\u2022 rejestrowa\u0107, bada\u0107 i usuwa\u0107 usterki i niedzia\u0142aj\u0105ce cz\u0119\u015bci naszej strony internetowej.<br>Takie pliki cookie i inne pliki s\u0105 niezb\u0119dne do funkcjonowania naszej strony internetowej. Je\u015bli zablokujesz te pliki cookie w swojej przegl\u0105darce, nasza strona internetowa mo\u017ce nie dzia\u0142a\u0107 poprawnie i mo\u017cemy nie by\u0107 w stanie zapewni\u0107 Ci naszych produkt\u00f3w i us\u0142ug.<br>Obok Twojego urz\u0105dzenia:<br>\u2022 przechowujemy pliki cookies z naszej strony internetowej, kt\u00f3re pozwalaj\u0105 nam:<br>\u2022 monitorowa\u0107 ruch na naszej stronie internetowej, jej poszczeg\u00f3lne strony, tworzy\u0107 statystyki i raporty;<br>\u2022 zezwalamy na przechowywanie plik\u00f3w cookie przez osoby trzecie, kt\u00f3re mog\u0105 z nich korzysta\u0107:<br>\u2022 zbieranie danych o Twoim zachowaniu na naszej stronie internetowej i na innych stronach internetowych;<br>\u2022 Aby wy\u015bwietli\u0107 spersonalizowane oferty i ukierunkowane reklamy w reklamach i sieciach spo\u0142eczno\u015bciowych innych os\u00f3b<br>strony internetowe inne ni\u017c nasza witryna;<br>\u2022 \u0142\u0105czy\u0107 si\u0119 z sieciami spo\u0142eczno\u015bciowymi, takimi jak Facebook.<br>Je\u015bli nie korzystasz z plik\u00f3w cookie stron trzecich i nie przesy\u0142asz swoich danych do sieci reklamowych i spo\u0142eczno\u015bciowych w<br>sekcji Ustawienia prywatno\u015bci, a po naszym powiadomieniu kliknij dowolny link w naszej witrynie (poza panelem powiadomie\u0144) lub kliknij przycisk \u201eRozumiem\u201d, kt\u00f3ry jest cz\u0119\u015bci\u0105 powiadomienia, we\u017amiemy pod uwag\u0119, \u017ce korzystaj\u0105c z tych plik\u00f3w cookie i przekazuj\u0105c Twoje dane do reklam i medi\u00f3w spo\u0142eczno\u015bciowych sieci zgadzaj\u0105 si\u0119. Mo\u017cesz cofn\u0105\u0107 swoj\u0105 zgod\u0119 w dowolnym momencie, wy\u0142\u0105czaj\u0105c t\u0119 \u200b\u200bfunkcj\u0119 w sekcji Ustawienia prywatno\u015bci.<br>Wykorzystywanie danych osobowych odwiedzaj\u0105cych witryn\u0119<br>Je\u017celi odwiedzasz stron\u0119 collma.sk, przetwarzamy dane o Twoim zachowaniu w serwisie w oparciu o nasz prawnie uzasadniony interes (tj. Bez Twojej zgody) w celach:<\/li><\/ol>\n\n\n\n<p>\u2022 uzyskiwanie informacji, kt\u00f3re pozwol\u0105 nam w przysz\u0142o\u015bci ulepsza\u0107 stron\u0119 internetow\u0105; naszym uzasadnionym interesem jest ulepszanie naszych us\u0142ug dla Ciebie;<br>\u2022 tworzenie statystyk i raport\u00f3w, w szczeg\u00f3lno\u015bci \u015bledzenie ruchu na naszej stronie internetowej, jej poszczeg\u00f3lnych podstronach; naszym uzasadnionym interesem w tym przypadku jest mierzenie naszej skuteczno\u015bci; w tym celu mo\u017cemy gromadzi\u0107 i wykorzystywa\u0107 dodatkowe dane pochodz\u0105ce z Twojego zachowania w sieci<br>\u2022 zapobieganie atakom na nasz\u0105 stron\u0119 internetow\u0105 i zagra\u017caniu jej funkcjonalno\u015bci oraz bezpiecze\u0144stwu Twoich danych; naszym prawnie uzasadnionym interesem jest bezproblemowe dzia\u0142anie naszych us\u0142ug dla Ciebie oraz bezpiecze\u0144stwo Twoich danych.<br>Je\u015bli korzystasz z formularza kontaktowego<br>Je\u015bli korzystasz z naszego formularza kontaktowego, pracujemy z Twoim imieniem i nazwiskiem, adresem e-mail i ewentualnie numerem telefonu, je\u015bli go podasz.<br>U\u017cywamy danych osobowych, kt\u00f3re poda\u0142e\u015b, aby si\u0119 z Tob\u0105 skontaktowa\u0107.<br>Kto przetwarza Twoje dane osobowe i komu je dostarczamy?<br>Wszystkie wymienione dane osobowe s\u0105 przez nas przetwarzane jako operator. Oznacza to, \u017ce okre\u015blamy cele, w jakich gromadzimy Twoje dane osobowe okre\u015blone powy\u017cej, okre\u015blamy sposoby ich przetwarzania i odpowiadamy za ich prawid\u0142ow\u0105 realizacj\u0119.<br>Z jakich \u017ar\u00f3de\u0142 pozyskujemy dane osobowe?<br>Zwykle gromadzimy dane osobowe bezpo\u015brednio od Ciebie za po\u015brednictwem naszej strony internetowej lub komunikuj\u0105c si\u0119 z Tob\u0105.<br>Jakie masz prawa przy przetwarzaniu danych osobowych?<\/p>\n\n\n\n<p>Masz kilka praw w odniesieniu do swoich danych osobowych. Obejmuj\u0105 one prawo dost\u0119pu, poprawiania, usuwania, ograniczenia przetwarzania, przenoszenia, sprzeciwu i reklamacji.<br>Tak jak my przys\u0142uguj\u0105 nam nasze prawa i obowi\u0105zki przy przetwarzaniu Twoich danych osobowych, tak samo przys\u0142uguj\u0105 Ci pewne prawa przy przetwarzaniu Twoich danych osobowych. <\/p>\n\n\n\n<p>Prawa te obejmuj\u0105:<\/p>\n\n\n\n<p><\/p>\n\n\n\n<p><strong>Prawo dost\u0119pu<\/strong><br>M\u00f3wi\u0105c najpro\u015bciej, masz prawo wiedzie\u0107, jakie dane o Tobie przetwarzamy, w jakim celu, jak d\u0142ugo, kiedy zbieramy Twoje dane osobowe, komu je przekazujemy, kto je przetwarza poza nami oraz jakie inne prawa przys\u0142uguj\u0105 Ci w zwi\u0105zku z przetwarzaniem Twoich danych osobowych. Mo\u017cesz dowiedzie\u0107 si\u0119 tego wszystkiego w tym dokumencie \u201ePrywatno\u015b\u0107\u201d. Je\u015bli jednak nie masz pewno\u015bci, jakie dane osobowe o Tobie przetwarzamy, mo\u017cesz poprosi\u0107 nas o potwierdzenie, czy Twoje dane osobowe s\u0105 przez nas przetwarzane, a je\u015bli tak, masz prawo dost\u0119pu do tych informacji. dane osobiste. W ramach prawa dost\u0119pu mo\u017cesz poprosi\u0107 nas o kopi\u0119 przetwarzanych danych osobowych, przy czym pierwsza kopia jest bezp\u0142atna, a pozosta\u0142e odp\u0142atnie. Prawo do sprostowania<br>B\u0142\u0105dzi\u0107 jest rzecz\u0105 ludzk\u0105. Je\u015bli uznasz, \u017ce przetwarzane przez nas dane osobowe, kt\u00f3re Ci\u0119 dotycz\u0105, s\u0105 niedok\u0142adne lub niekompletne, masz prawo do ich poprawienia lub uzupe\u0142nienia bez zb\u0119dnej zw\u0142oki.<br><strong>Prawo do usuni\u0119cia<\/strong><br>W niekt\u00f3rych przypadkach masz prawo do usuni\u0119cia swoich danych osobowych. Twoje dane osobowe usuniemy bez zb\u0119dnej zw\u0142oki, je\u015bli wyst\u0105pi kt\u00f3rykolwiek z poni\u017cszych powod\u00f3w:<br>\u2022 nie potrzebujemy ju\u017c Twoich danych osobowych do cel\u00f3w, w kt\u00f3rych je przetwarzali\u015bmy;<br>\u2022 cofniesz zgod\u0119 na przetwarzanie danych osobowych, kt\u00f3re s\u0105 danymi, na kt\u00f3rych opiera si\u0119 przetwarzanie<br>Twoja zgoda jest konieczna, a jednocze\u015bnie nie mamy innego powodu, dla kt\u00f3rego nadal potrzebujemy tych danych<br>w procesie;<br>\u2022 skorzysta\u0107 z prawa do sprzeciwu wobec przetwarzania (patrz sekcja Prawo do sprzeciwu poni\u017cej)<br>dane osobowe, kt\u00f3re przetwarzamy w oparciu o nasze uzasadnione interesy i ju\u017c to stwierdzamy<br>nie mamy \u017cadnych prawnie uzasadnionych interes\u00f3w, kt\u00f3re uzasadnia\u0142yby takie przetwarzanie, lub<br>\u2022 uwa\u017caj\u0105 Pa\u0144stwo, \u017ce przetwarzanie przez nas danych osobowych przesta\u0142o by\u0107 zgodne z powszechnie obowi\u0105zuj\u0105cymi przepisami.<\/p>\n\n\n\n<p>Pami\u0119taj jednak, \u017ce nawet je\u015bli jest to jeden z tych powod\u00f3w, nie oznacza to, \u017ce natychmiast usuniemy wszystkie Twoje dane osobowe. Prawo to nie jest dozwolone, je\u015bli przetwarzanie Twoich danych osobowych jest nadal niezb\u0119dne do wype\u0142nienia naszego prawnego obowi\u0105zku lub ustalenia, wykonania lub obrony naszych roszcze\u0144 prawnych.<br>Prawo do ograniczenia przetwarzania<br>W niekt\u00f3rych przypadkach opr\u00f3cz prawa do usuni\u0119cia mo\u017cesz skorzysta\u0107 z prawa do ograniczenia przetwarzania danych osobowych. Prawo to pozwala w niekt\u00f3rych przypadkach za\u017c\u0105da\u0107 oznaczenia Twoich danych osobowych i nie poddawania tych danych dalszemu przetwarzaniu &#8211; w tym przypadku jednak nie na zawsze (jak w przypadku prawa do usuni\u0119cia), ale przez okre\u015blony czas. Musimy ograniczy\u0107 przetwarzanie danych osobowych, gdy:<br>\u2022 odmawiasz poprawno\u015bci danych osobowych, dop\u00f3ki nie ustalimy, jakie dane s\u0105 prawid\u0142owe;<br>\u2022 przetwarzamy Twoje dane osobowe bez wystarczaj\u0105cej podstawy prawnej (np. Poza czym<br>b\u0119dziemy musieli przetwarza\u0107), ale wolisz tylko ograniczy\u0107 takie dane przed ich usuni\u0119ciem<br>(np. je\u015bli spodziewasz si\u0119 udost\u0119pnia\u0107 nam takie informacje w przysz\u0142o\u015bci);<br>\u2022 nie potrzebujemy ju\u017c Twoich danych osobowych do wskazanych cel\u00f3w przetwarzania, ale \u017c\u0105dasz ich ustalenia,<br>wykonywania lub obrony swoich praw, lub<br>\u2022 Sprzeciwiasz si\u0119 przetwarzaniu. Dop\u00f3ki ustalimy, czy Tw\u00f3j sprzeciw jest zasadny, jeste\u015bmy zobowi\u0105zani do ograniczenia przetwarzania Twoich danych osobowych.<br><strong>Prawo do przenoszenia<\/strong><br>Masz prawo do uzyskania od nas wszystkich swoich danych osobowych, kt\u00f3re nam przekaza\u0142e\u015b i kt\u00f3re przetwarzamy na podstawie Twojej zgody i na podstawie wykonania umowy. Aby\u015bmy mogli w \u0142atwy spos\u00f3b przes\u0142a\u0107 dane na Twoje \u017c\u0105danie, mog\u0105 to by\u0107 tylko dane, kt\u00f3re przetwarzamy automatycznie w naszych elektronicznych bazach danych.<br>Prawo do sprzeciwu wobec przetwarzania<br>Masz prawo wnie\u015b\u0107 sprzeciw wobec przetwarzania danych osobowych, kt\u00f3re odbywa si\u0119 na podstawie naszego prawnie uzasadnionego interesu. W innych przypadkach b\u0119dziemy to robi\u0107, chyba \u017ce b\u0119dziemy mie\u0107 wa\u017cne powody, aby kontynuowa\u0107 takie przetwarzanie.<br><strong>Prawo do z\u0142o\u017cenia skargi<\/strong><br>Realizacja uprawnie\u0144 w powy\u017cszy spos\u00f3b nie wp\u0142ywa na Twoje prawo do wniesienia skargi do w\u0142a\u015bciwego organu nadzorczego. W szczeg\u00f3lno\u015bci mo\u017cesz skorzysta\u0107 z tego prawa, je\u015bli uwa\u017casz, \u017ce przetwarzamy Twoje dane osobowe w spos\u00f3b nieuprawniony lub z naruszeniem powszechnie obowi\u0105zuj\u0105cych przepis\u00f3w prawa. Mo\u017cesz wnie\u015b\u0107 skarg\u0119 na przetwarzanie przez nas danych osobowych w Urz\u0119dzie Ochrony Danych Osobowych, kt\u00f3ry mie\u015bci si\u0119 pod adresem Hrani\u010dn\u00e1 12, 820 07 Bratys\u0142awa 27, e-mail: statny.dozor@pdp.gov.sk.<br>Jak mo\u017cna wyegzekwowa\u0107 indywidualne prawo?<br>W przypadku korzystania z praw indywidualnych wy\u015blij nam zapytanie na adres info@collma.sk. W przypadku jakichkolwiek niejasno\u015bci lub pyta\u0144 zadzwo\u0144 pod numer +421 43 423 75 42.<\/p>\n\n\n\n<p>Twoje \u017c\u0105danie rozpatrzymy bez zb\u0119dnej zw\u0142oki, ale w ci\u0105gu maksymalnie jednego miesi\u0105ca. W wyj\u0105tkowych przypadkach, szczeg\u00f3lnie ze wzgl\u0119du na z\u0142o\u017cono\u015b\u0107 Twojego wniosku, jeste\u015bmy uprawnieni do przed\u0142u\u017cenia tego okresu o kolejne dwa miesi\u0105ce. Poinformujemy Ci\u0119 o takim ewentualnym przed\u0142u\u017ceniu i jego uzasadnieniu.<\/p>\n","protected":false},"excerpt":{"rendered":"<p>W COLLMA, SPOL. s r.o., I\u010cO: 36385824 (dalej \u201emy\u201d) przywi\u0105zujemy du\u017c\u0105 wag\u0119 do ochrony danych osobowych. W tym dokumencie znajdziesz informacje o tym, jakie dane osobowe przetwarzamy, w szczeg\u00f3lno\u015bci o naszych klientach i u\u017cytkownikach naszego serwisu, czy przetwarzamy dane na podstawie zgody lub z innego powodu prawnego, w jakim celu je wykorzystujemy, komu mo\u017cemy je &hellip; <\/p>\n<p class=\"link-more\"><a href=\"https:\/\/collma.sk\/index.php\/pl\/prywatnosc\/\" class=\"more-link\">Pokra\u010dova\u0165 v \u010d\u00edtan\u00ed<span class=\"screen-reader-text\"> &#8222;Prywatno\u015b\u0107&#8220;<\/span><\/a><\/p>\n","protected":false},"author":1,"featured_media":0,"parent":0,"menu_order":0,"comment_status":"closed","ping_status":"closed","template":"","meta":{"ngg_post_thumbnail":0,"footnotes":""},"_links":{"self":[{"href":"https:\/\/collma.sk\/index.php\/wp-json\/wp\/v2\/pages\/8796"}],"collection":[{"href":"https:\/\/collma.sk\/index.php\/wp-json\/wp\/v2\/pages"}],"about":[{"href":"https:\/\/collma.sk\/index.php\/wp-json\/wp\/v2\/types\/page"}],"author":[{"embeddable":true,"href":"https:\/\/collma.sk\/index.php\/wp-json\/wp\/v2\/users\/1"}],"replies":[{"embeddable":true,"href":"https:\/\/collma.sk\/index.php\/wp-json\/wp\/v2\/comments?post=8796"}],"version-history":[{"count":2,"href":"https:\/\/collma.sk\/index.php\/wp-json\/wp\/v2\/pages\/8796\/revisions"}],"predecessor-version":[{"id":8800,"href":"https:\/\/collma.sk\/index.php\/wp-json\/wp\/v2\/pages\/8796\/revisions\/8800"}],"wp:attachment":[{"href":"https:\/\/collma.sk\/index.php\/wp-json\/wp\/v2\/media?parent=8796"}],"curies":[{"name":"wp","href":"https:\/\/api.w.org\/{rel}","templated":true}]}}