{"id":8858,"date":"2020-11-07T02:33:18","date_gmt":"2020-11-07T01:33:18","guid":{"rendered":"http:\/\/collma.sk\/?page_id=8858"},"modified":"2020-11-10T16:04:47","modified_gmt":"2020-11-10T15:04:47","slug":"imitacja-warunkow-pracy-i-konsumentow","status":"publish","type":"page","link":"https:\/\/collma.sk\/index.php\/pl\/program-do-drukowania\/imitacja-warunkow-pracy-i-konsumentow\/","title":{"rendered":"IMITACJA WARUNK\u00d3W PRACY I KONSUMENT\u00d3W"},"content":{"rendered":"\n<div class=\"wp-block-image\"><figure class=\"alignright size-large is-resized\"><img loading=\"lazy\" decoding=\"async\" src=\"https:\/\/collma.sk\/wp-content\/uploads\/2020\/11\/imita\u0301cia-1024x768-3.jpg\" alt=\"\" class=\"wp-image-8859\" width=\"236\" height=\"175\"\/><\/figure><\/div>\n\n\n\n<ul><li>Symulacja zmywalno\u015bci butelek<\/li><li>Symulacja rosy butelkowej w ekstremalnych warunkach klimatycznych<\/li><li>Etykietowanie za pomoc\u0105 pasteryzatora flash<\/li><li>Cykle rosy w komorze kondensacyjnej COLLWET \u2122 (efekt CWR)<\/li><li>Odporno\u015b\u0107 na lepkie etykiety w lodowatej wodzie (efekt IWR)<\/li><li>Odporno\u015b\u0107 naklejanych etykiet w ch\u0142odziarkach<\/li><\/ul>\n\n\n\n<p>Aby uzyska\u0107 wi\u0119cej informacji, skontaktuj si\u0119 z nami.<\/p>\n\n\n\n<div class=\"wp-block-buttons aligncenter is-layout-flex wp-block-buttons-is-layout-flex\">\n<div class=\"wp-block-button\"><a class=\"wp-block-button__link\" href=\"\/index.php\/pl\/skontaktuj\/\">skontaktuj si\u0119<\/a><\/div>\n<\/div>\n\n\n\nngg_shortcode_0_placeholder\n\n\n\n<p><br><br><br><br><br><\/p>\n","protected":false},"excerpt":{"rendered":"<p>Symulacja zmywalno\u015bci butelek Symulacja rosy butelkowej w ekstremalnych warunkach klimatycznych Etykietowanie za pomoc\u0105 pasteryzatora flash Cykle rosy w komorze kondensacyjnej COLLWET \u2122 (efekt CWR) Odporno\u015b\u0107 na lepkie etykiety w lodowatej wodzie (efekt IWR) Odporno\u015b\u0107 naklejanych etykiet w ch\u0142odziarkach<\/p>\n","protected":false},"author":1,"featured_media":0,"parent":110,"menu_order":0,"comment_status":"closed","ping_status":"closed","template":"","meta":{"ngg_post_thumbnail":0,"footnotes":""},"_links":{"self":[{"href":"https:\/\/collma.sk\/index.php\/wp-json\/wp\/v2\/pages\/8858"}],"collection":[{"href":"https:\/\/collma.sk\/index.php\/wp-json\/wp\/v2\/pages"}],"about":[{"href":"https:\/\/collma.sk\/index.php\/wp-json\/wp\/v2\/types\/page"}],"author":[{"embeddable":true,"href":"https:\/\/collma.sk\/index.php\/wp-json\/wp\/v2\/users\/1"}],"replies":[{"embeddable":true,"href":"https:\/\/collma.sk\/index.php\/wp-json\/wp\/v2\/comments?post=8858"}],"version-history":[{"count":6,"href":"https:\/\/collma.sk\/index.php\/wp-json\/wp\/v2\/pages\/8858\/revisions"}],"predecessor-version":[{"id":8900,"href":"https:\/\/collma.sk\/index.php\/wp-json\/wp\/v2\/pages\/8858\/revisions\/8900"}],"up":[{"embeddable":true,"href":"https:\/\/collma.sk\/index.php\/wp-json\/wp\/v2\/pages\/110"}],"wp:attachment":[{"href":"https:\/\/collma.sk\/index.php\/wp-json\/wp\/v2\/media?parent=8858"}],"curies":[{"name":"wp","href":"https:\/\/api.w.org\/{rel}","templated":true}]}}